mmon divisor of z and 28?
7
Suppose -2*p + 65 = -d, 50 = 3*p - 3*d - 55. Let b = p + -22. What is the highest common divisor of 8 and b?
8
Let r = 47 - -51. Suppose -5*v = -2*g + 50, -r = 3*g - 8*g - v. What is the highest common factor of g and 10?
10
Suppose 3 + 4 = w. What is the greatest common divisor of 21 and w?
7
Let y(z) = z**2 + 7*z - 2. Let k be y(-8). Let o = k + -9. Let a = o + 4. What is the highest common factor of 4 and a?
1
Suppose 5*k + 1 = 6. Suppose -5*v - c + 8 = 2*c, 0 = 2*v - 3*c + 1. Let s(w) = 3*w. Let x be s(v). Calculate the greatest common factor of k and x.
1
Suppose -7 = 3*w - 94. Calculate the greatest common divisor of w and 87.
29
Let a be (-4)/(-1 - 21/(-18)). Suppose -5*d = -2*t - 1 - 1, -2*t = -4*d. Let o be ((-32)/6)/(d/a). Calculate the highest common factor of o and 16.
16
Suppose 2*g = 2*b - 36 - 2, 52 = 2*b + 5*g. Calculate the highest common divisor of b and 63.
21
Suppose -6*d - 143 + 413 = 0. Let w be (-4)/6*15/(-2). Calculate the greatest common factor of w and d.
5
Let f(l) = -l + 3. Let n be f(3). Let d be (n/3)/(-3) + 3. Suppose 7*b - 180 = d*b. What is the greatest common factor of 18 and b?
9
Let n = 9 + 3. Suppose -151 = 5*o + 4*z, -z + 20 = -3*o - 57. Let h be (152/57)/((-2)/o). Calculate the highest common factor of h and n.
12
Let g(z) = 6*z**2 + 2*z + 1. Let b be g(-2). Let c = b - 1. Calculate the highest common divisor of c and 80.
20
Let k = 173 + -170. Calculate the greatest common factor of 6 and k.
3
Suppose 3*w = 7*w - 8. Suppose -w*f - 2*p = -34, 6*p - 2*p - 8 = -f. What is the highest common divisor of 10 and f?
10
Let w(k) = -4*k**3 + k + 1. Let n be w(-1). Let s(g) = -g**3 + 4*g**2 + 7*g - 6. Let t be s(n). What is the highest common divisor of 132 and t?
22
Let x = 133 + -78. Suppose 2*z - 4*a - 2 = 0, -4*z + 4*a + a + 19 = 0. What is the greatest common factor of x and z?
11
Let u(i) = 11*i + 8. Let s(q) = -10*q - 7. Let y(h) = 6*s(h) + 5*u(h). Let k be y(-4). Calculate the greatest common divisor of k and 12.
6
Let u be 66/14 + 2/7. Let t(m) = m - 3. Let p be t(6). Suppose f - 2*s = u + 3, 0 = p*s - 15. What is the greatest common divisor of f and 3?
3
Let p = 18 + -31. Let y be p/((-1)/(-2)*-2). Suppose 4*x = 2*x + 78. What is the greatest common factor of x and y?
13
Suppose 0 = m - 0 + 3, -2 = 5*z + 4*m. Calculate the greatest common divisor of 6 and z.
2
Suppose 2*s + 300 = 3*h, -7*s + 5*s = 0. Calculate the greatest common divisor of 250 and h.
50
Let n = -5 + 23. What is the greatest common divisor of n and 6?
6
Let d = 128 + -35. What is the highest common divisor of d and 31?
31
Let i be -6 - -6 - (-1 + -1). Suppose 0 = 4*x + 2 + i, -10 = -3*q + x. Suppose -q*m - m + 32 = 0. Calculate the highest common factor of m and 24.
8
Let j(a) = a**2 + 10*a - 14. Let l be j(-11). Let m be (20/l)/((-4)/6). Calculate the greatest common divisor of 110 and m.
10
Let c be 2 - (0 - (29 + -2)). Let q = c + -14. Let i be 75/(-2)*(4 - 6). What is the greatest common factor of q and i?
15
Suppose -3*h - 5*o = 12, 4*h - o + 16 = -0*o. Let j be 2/(-4) + (-42)/h. What is the highest common factor of 80 and j?
10
Suppose -3*f = -50 + 263. Let x = f + 49. Let q = x + 49. What is the greatest common factor of q and 3?
3
Suppose -172 = -3*j - 5*c, j = 5*c + 58 - 14. Calculate the greatest common factor of j and 18.
18
Suppose y + 5*x - 28 = 0, x = -4*y - x + 22. Suppose -46 = -2*c + y*g, 3*g + 63 = 2*c + c. Calculate the highest common factor of c and 187.
17
Let m be 43/2 - (-3)/6. Suppose -f - 3*d = -6 - 1, -f + 47 = -5*d. Calculate the greatest common factor of f and m.
22
Suppose -n - 4*n - 32 = -2*x, 2*x - 48 = n. What is the greatest common factor of x and 286?
26
Let v(n) = 9*n**2 + 3*n. Let c be (-6)/(-8)*(-8)/2. Let j be v(c). Let b(t) = 7*t - 15. Let h be b(9). What is the greatest common divisor of j and h?
24
Let j(q) = q**2 - 6*q. Let g be j(7). Suppose -g = -4*s - 3. Calculate the greatest common factor of 3 and s.
1
Let m = 29 + -15. Suppose 2*z - m = 2. Let h(r) = -6*r - 16. Let s be h(-3). What is the highest common divisor of z and s?
2
Let h be ((-36)/10)/((-1)/5). Let k be -2*h/8*-28. Calculate the greatest common divisor of k and 14.
14
Suppose 29 = 4*x + 3*j - 13, 0 = 2*x - 2*j - 28. Let h be 196/9 - x/(-54). What is the greatest common divisor of 242 and h?
22
Let i be (-148)/(-8) - 1/(-2). Let j = 63 - 44. What is the highest common divisor of j and i?
19
Let h(x) = -x + 10. Let v be h(5). Suppose q = -4*a + 50, -271 = -v*q + 4*a - 3*a. Calculate the greatest common factor of q and 36.
18
Let d(v) = 6*v + 24. Let i be d(7). Suppose -10*b + 12*b = 22. What is the greatest common factor of b and i?
11
Let o(w) = 2*w**3 + 3*w**2 - 1. Let l be o(2). Let a = 10 + 11. Suppose -l = -f + a. What is the greatest common factor of 6 and f?
6
Let c be 33/(-2) - (-2)/(-4). Let i(r) = r**2 + 14*r + 9. Let a be i(c). What is the greatest common factor of 24 and a?
12
Let w(x) = 9*x**2 - 1. Let q be w(-2). Let r(p) = -72*p - 1. Let a be r(-1). Let f = a - q. What is the greatest common divisor of 12 and f?
12
Suppose 3*i = i. Let f be 2 - (1 - -1 - i). Let t(w) = -w**3 + w**2 - w + 17. Let z be t(f). What is the highest common factor of 153 and z?
17
Let v(f) = 3*f**3 - 2*f**2 - f - 2. Let j be v(2). What is the highest common divisor of 4 and j?
4
Suppose 2*r - r = 15. Let m be (-5)/3 - 190/(-6). What is the highest common factor of m and r?
15
Let b be (-7 - -8)*1*16. Suppose 0 = -0*c - 4*c - 8, c - 4 = -3*n. Let o be ((-160)/6)/(n/(-6)). Calculate the highest common factor of o and b.
16
Suppose -5*w + 4*w - 5 = 4*x, 3*x = 2*w - 12. Let k = w - 1. Suppose o - k*o = -12. What is the highest common divisor of 96 and o?
12
Suppose 0 = 4*c + 4 + 8. Let u(s) = -s - 2. Let p be u(c). Let o be 4/(4/14*p). Calculate the greatest common divisor of 98 and o.
14
Let o = -4 + 2. Let k(p) = -p**3 - p. Let x(b) = 3*b**3 - 3*b**2 - 5*b. Let u(d) = 3*k(d) - x(d). Let g be u(o). Calculate the highest common factor of g and 8.
8
Suppose -8 = i - w, -i = -0*i - 5*w + 24. Let z = 16 - i. Calculate the highest common factor of z and 50.
10
Let h = -10 - -11. What is the highest common factor of 11 and h?
1
Suppose b = -2*o - 4*b + 20, -3*o - 3*b + 21 = 0. Calculate the greatest common factor of o and 5.
5
Suppose 4*h + 89 = 5*h + i, -2*h = 5*i - 193. What is the greatest common factor of 12 and h?
12
Suppose -5*k - 3*y + 6 + 5 = 0, 5*y - 12 = -2*k. Calculate the greatest common factor of k and 11.
1
Suppose 3*r + 4*h - 26 = 0, 0*r + 2*r - 22 = -5*h. Let p be 25*12/160*8. What is the greatest common factor of r and p?
3
Suppose 2*z - 3*z = 2. Let j = -4 - -5. Let u be j/(1*z/(-18)). What is the highest common factor of u and 72?
9
Suppose -7 = x - 5*b, -3*x + 2*b + 18 = -0*x. Let c = -5 - -17. What is the greatest common divisor of x and c?
4
Let f(u) = -3*u. Let o be f(-2). Let g(h) = h**2 + 5*h + 3. Let s be g(-6). Calculate the greatest common factor of s and o.
3
Suppose 0 = -r - 2*l + 2, 3*r - 6 = -3*l - 0*l. Suppose 3 = 3*w, -p - r*w - 3*w = -30. What is the highest common factor of p and 10?
5
Let y(i) = 3*i**2 + 21*i + 10. Let q be y(-12). What is the greatest common factor of q and 19?
19
Let a(o) = -o + 11. Let h be a(9). Suppose 2*i = -h*i + u + 40, 2*u = 0. Calculate the greatest common factor of 10 and i.
10
Suppose 0 = 8*b + 67 - 307. Calculate the greatest common factor of b and 3.
3
Let l(o) = -4*o - 2*o + 2 + 7*o + 9. Let u be l(10). Suppose f - u = 18. What is the highest common factor of f and 26?
13
Suppose 0 = s - 5 - 0. Suppose 2*t + i + 4 = -2*i, 0 = -5*t + s*i + 40. Suppose -2*l + 7 = t*m - 29, 2*m = -2. What is the greatest common divisor of l and 30?
10
Let j(u) = -u**3 - 6*u**2 - 5*u + 5. Let r be j(-5). Suppose -2*w + r*w = 21. Calculate the greatest common factor of w and 7.
7
Let v(u) = u**3 - 3*u**2 - 8*u + 3. Let y be v(5). Calculate the greatest common divisor of y and 39.
13
Let u be (0 - (-14 + 0))/2. Let g = 70 - -43. Suppose -2*c + u = -g. What is the greatest common divisor of 15 and c?
15
Let d = 9 + 7. Suppose -188 = 4*i + 4*k, 5*i - 4*k + 334 = 99. Let c = i - -87. Calculate the highest common divisor of c and d.
8
Suppose -165 = -h + 4*l, -4*l + 78 + 79 = h.